 greatest common factor of 14 and p.
7
Let r be ((-12)/10)/(6/(-15)). Let j be 41/3 + (-195)/117. Calculate the highest common divisor of j and r.
3
Suppose 3*n - 7*n - 12 = 0. Let s = n + 6. Suppose -2*c + c - 1 = 0, 5*c = -s*o + 16. What is the highest common factor of 49 and o?
7
Suppose 0 = 4*c + 4*y - 116, 0*y - 2*y + 133 = 5*c. Suppose 3*q = 4*h - 0*h + 150, 750 = 15*q - 4*h. Calculate the highest common factor of q and c.
25
Let p be 7 - 4/4*4. Calculate the greatest common factor of p and 69.
3
Let k = 14302 - 14276. Suppose -2*z - 3*n + 268 = n, -3*z + 3*n + 384 = 0. What is the highest common divisor of z and k?
26
Let w(t) be the first derivative of 3*t**2 - 24*t - 39. Let f be w(13). What is the greatest common factor of f and 6?
6
Suppose -27*a + 352 + 431 = 0. What is the greatest common divisor of a and 725?
29
Let v(p) = -p**2 - 14*p + 34. Let f be v(-17). Let z = 31 + f. Calculate the highest common factor of 42 and z.
14
Let g be ((-6)/1)/(3/(-2)). Let f be -3*(-1 - 183/9). Let d = f + -32. Calculate the highest common factor of d and g.
4
Let t(m) = -m + 15. Suppose -4*p = 4, -4*g + 0*p = p - 27. Let x be t(g). Let o(k) = 4*k - 20. Let f be o(8). What is the highest common factor of f and x?
4
Suppose 52*y - 412 = 316. What is the greatest common factor of 62 and y?
2
Let f = 210 - -11. What is the greatest common factor of 85 and f?
17
Suppose -18*o + 16*o + 2 = u, -4*u = 5*o - 8. Calculate the highest common factor of u and 43.
1
Let u be -30*((-5)/((-100)/24) + -4). Let i = u - 49. Calculate the greatest common factor of i and 175.
35
Let v = 1331 - 547. Calculate the greatest common divisor of 16 and v.
16
Let a(w) = -6*w**2 + 11*w + 23. Let u be a(6). Let x = 192 + u. What is the greatest common divisor of x and 13?
13
Suppose 9 = -5*j + 34. Let s = 89 + -84. Suppose -2*o = -s*n + 123, n + 4*o + 108 = j*n. Calculate the highest common divisor of 253 and n.
23
Suppose -3*i = -32 - 34. Let t(u) be the first derivative of -u**4/4 - u**3/3 - u**2/2 + 2*u - 1. Let b be t(0). What is the highest common factor of i and b?
2
Suppose -2 = g, u = 2*u + 5*g + 5. Suppose -u*s + 2*s = -135. Suppose 4*f + 26 = 4*p - 74, 55 = 2*p - f. Calculate the highest common divisor of s and p.
15
Let n = -32 + 40. Let l = n + 7. Calculate the greatest common divisor of 45 and l.
15
Let z be (4/10)/(1/105). Let l(o) = -3*o + 0*o + 7 + 0*o - 5 + 8*o**2. Let y be l(2). What is the highest common factor of y and z?
14
Let b = 1 - -2. Suppose 0 = c + c - 3*s + 475, 5*c + b*s + 1219 = 0. Let r = 350 + c. Calculate the greatest common divisor of r and 12.
12
Suppose 8*o = -22*o + 13260. What is the highest common factor of 26 and o?
26
Suppose 0 = -3*y - 4*a - 11, -3*y + 6*a - 2*a = -29. Suppose f - u = 46, -u = -y*f + 3*u + 138. What is the greatest common divisor of f and 368?
46
Let d be ((-156)/(-36))/((-3)/(-9)). What is the highest common factor of d and 533?
13
Let h = 418 + -413. Calculate the highest common divisor of h and 265.
5
Let i(v) = 7*v**2 + 39*v + 18. Let g be i(4). Calculate the highest common divisor of g and 44.
22
Let f = 7 - 2. Suppose -4*u - f = 7. Let c = 13 + u. Calculate the greatest common factor of c and 110.
10
Let o(c) = c**3 - 6*c**2 + 9*c + 6. Let j be o(8). Let g = j - 102. Calculate the greatest common divisor of g and 26.
26
Let p = -5 - -19. Suppose 0 = -8*y + 23*y - 30. What is the greatest common divisor of y and p?
2
Let h(d) = 2*d**2 + 3*d + 2. Let w be 0 + 3 - (-2 + 7). Let m be h(w). Let i be m/8*-2*-3. Calculate the highest common factor of i and 3.
3
Let k(a) = a**2 + 17*a + 7. Suppose -13 = y + 4*v, 2*y + 52 = -2*y + 5*v. Let j be k(y). Let x = 65 + j. What is the greatest common divisor of 20 and x?
20
Let j(a) = -a**3 - 5*a**2 + 31*a + 86. Let u be j(-9). What is the highest common divisor of 1 and u?
1
Suppose 0 = 5*b + 15, 1052 = -50*q + 51*q - 4*b. What is the greatest common factor of q and 13?
13
Let l(i) = -i**2 - 5*i. Let u = 67 + -70. Let w be l(u). What is the greatest common factor of 48 and w?
6
Suppose 72*j - 16821 = 45*j. What is the highest common factor of j and 7?
7
Let o be (-7)/(-3) - (-96)/144. Calculate the highest common divisor of o and 141.
3
Suppose 2*y = -y - 4*b + 89, -2*b = -2*y + 36. What is the highest common divisor of 322 and y?
23
Let r(x) = x**3 - 8*x**2 + 6*x + 6. Let v be r(7). Let t(l) = -13*l - 2. Let n be t(v). What is the greatest common factor of 121 and n?
11
Suppose 0 = -13*k + 18*k - p - 7, k - p + 1 = 0. Calculate the greatest common factor of 194 and k.
2
Let v(b) = -8*b - 293. Let a be v(-40). Let q(f) = 27*f**2. Let c be q(-1). Calculate the greatest common divisor of a and c.
27
Suppose -5*z + 172 + 143 = 0. Let x(d) be the third derivative of -d**4/24 + 4*d**3 - 11*d**2. Let r be x(17). What is the highest common factor of z and r?
7
Let u = -907 - -917. Calculate the highest common divisor of u and 50.
10
Let r be (2/(-3))/(8/(-108)). Let v = 17 - r. Calculate the highest common factor of v and 8.
8
Let y be (8/14)/(18/21)*15. Let z be 48/(2/((-16)/y) - -2). Let q = -22 + 38. What is the highest common divisor of z and q?
16
Suppose 627 = l + k, -21*l + 26*l - k - 3153 = 0. Calculate the highest common divisor of l and 30.
30
Suppose 3*u - u = 28. Suppose 3*d + 179 - 1119 = -4*w, 464 = 2*w + 3*d. Calculate the highest common divisor of u and w.
14
Let m(d) = 61*d + 1. Let b be m(1). Suppose 767*v = 785*v - 558. What is the greatest common factor of b and v?
31
Let v be (13 + (-105)/(-15))*3/5. Calculate the greatest common divisor of 68 and v.
4
Let q = 11 - -11. Let m = -8 - -11. Suppose 3*k - 491 - 163 = -m*h, -2*h = -3*k - 446. Calculate the greatest common factor of q and h.
22
Let a = 43 + -41. Suppose 0 = a*h + 19 - 89. What is the greatest common divisor of h and 7?
7
Let t(y) = 4*y**2 - y - 1. Let g be t(-1). Let q(o) = 2*o - g*o - 3*o + 4*o - 6. Let p be q(-13). What is the greatest common divisor of p and 7?
7
Suppose 9*l - 27*l + 1044 = 0. What is the greatest common factor of 145 and l?
29
Let a(m) = -m - 4. Let p be a(-7). Suppose 0 = 4*i + 2*d - 164, -d - 78 = -p*i + i. Calculate the greatest common factor of 10 and i.
10
Let c be -2 + 7/(-7) + 9. Calculate the highest common divisor of c and 15.
3
Let w(k) = k**2 - 12*k - 4. Let u be w(11). Let n = -9 - u. What is the greatest common divisor of n and 36?
6
Let j = -80 + 170. Let u = -61 - -106. Suppose 4*a = -5 + u. What is the highest common factor of j and a?
10
Let r = 31 + 27. Let q = r - 34. Let s be 4*(-17 + 13 - -46). Calculate the highest common factor of s and q.
24
Let f = 454 - 295. Calculate the highest common divisor of f and 371.
53
Suppose -l + 2*l + 2*j = 41, -47 = -l + 4*j. Suppose -l*v = -40*v - 72. What is the highest common divisor of v and 168?
24
Let a be 9844/115 - 6 - 4/(-10). Calculate the greatest common divisor of a and 10.
10
Let j(b) = 2*b + 11. Let a be j(7). What is the highest common factor of a and 10?
5
Suppose 0 = 5*j - 9*q + 5*q - 78, -q + 3 = 0. What is the greatest common divisor of j and 252?
18
Suppose v + 3*v - c - 148 = 0, 2*c - 122 = -3*v. Let w be v/57*21/(-2). Let h = w - -49. What is the highest common divisor of 14 and h?
14
Let c(v) = v**3 + 13*v**2 + 8*v + 11. Let f be c(-12). What is the highest common divisor of 295 and f?
59
Let l(m) = -m**2 + 11*m - 21. Let f be l(8). Suppose 0 = d - f*y - 13, d - 3*y - y - 17 = 0. Calculate the highest common divisor of 8 and d.
1
Let v = -44 - 92. Let x = -24 - v. What is the highest common factor of 32 and x?
16
Suppose 2*h + 4*g + 96 = 0, 5*g - 2*g + 97 = -2*h. Let j = -35 - h. Calculate the greatest common factor of 6 and j.
3
Let c = 26 + -16. Suppose -5*v = -11*v + 960. Let y = v + -80. What is the highest common factor of y and c?
10
Suppose -1296 = -11*i - i. Calculate the highest common divisor of i and 12.
12
Suppose 0 = -0*n + 4*n + 20. Suppose -a - 5*z - 1 = 0, 6*z - 44 = -4*a + 2*z. Let r = a + n. Calculate the highest common divisor of r and 6.
3
Let d(f) = -85*f + 209. Let v be d(2). What is the highest common factor of v and 3510?
39
Suppose -s + 18 + 26 = 0. Suppose -2*m + 24 = -s. What is the greatest common divisor of 170 and m?
34
Suppose -4*i + 0*i = -12, -16 = -r - i. Let d be 